 z is divided by 8.
6
What is the remainder when 97/(-1)*(3 + -4) is divided by 25?
22
Let b(y) = 13*y - 4. Suppose -8 = -4*f, -2*f = -2*x - f - 2. Suppose -r + 18 = -x. What is the remainder when b(3) is divided by r?
17
Suppose 11 = 3*x - 2*g - 0, x = 2*g + 1. Let p = x - -6. Let i(l) = -32*l**3 - l**2 - l - 1. What is the remainder when i(-1) is divided by p?
9
Let i(y) = y**3 + 3*y - 3. Calculate the remainder when -42*(-2)/(-9 + -1)*-5 is divided by i(2).
9
Let p = -64 - -41. Let g = 6 - p. Calculate the remainder when g is divided by 8.
5
Let l = -20 - -33. Let w = 202 + -133. Let o = w - 31. What is the remainder when o is divided by l?
12
Let k = -40 + 61. Let w = -10 - -21. Calculate the remainder when k is divided by w.
10
Let z = -28 - -47. Calculate the remainder when z is divided by 7.
5
Suppose 0 = -5*a + 6*a - 5. What is the remainder when 13 is divided by 2/a - (-66)/10?
6
Let o = -51 - -112. Calculate the remainder when o is divided by (3 - (-15)/(-10))*14.
19
Calculate the remainder when 47 is divided by (2/(-1 - 0))/(-2) + 15.
15
Suppose -3*p + 125 = -223. What is the remainder when p is divided by 40?
36
Suppose 3*x + 97 + 69 = 5*y, 0 = -3*y + 4*x + 93. What is the remainder when y is divided by 13?
9
Let s(g) = -g**3 - 8*g**2 - 8*g + 1. Let o be s(-7). Calculate the remainder when (-12)/(-9)*348/o is divided by 15.
13
Suppose 3*c + 1 + 6 = 2*s, 3*c - 1 = s. Let r = s + -2. Calculate the remainder when (-57)/(-5) - (-2)/(-5) is divided by r.
5
Suppose 29 = -3*i + 4*i - 4*x, 5*x + 25 = 0. Calculate the remainder when 3/(1/(2 + i)) is divided by 9.
6
Let l = 74 + -29. Suppose 3*n + t = -2*t - l, 99 = -5*n + 3*t. Let r = 11 - n. What is the remainder when r is divided by 10?
9
Let v be (-3)/(2/(8/(-6))). Calculate the remainder when 29 is divided by -4 - (4*-4 + v).
9
What is the remainder when 19 is divided by 203/21 - 2/(-6)?
9
Suppose 4*y - 65 - 87 = 0. Suppose -5*b + 55 = -5*o, -2*b + o + y = 2*b. Let l(q) = -q**3 + 6*q**2 - 1. What is the remainder when l(5) is divided by b?
6
Let x = 52 + -1. What is the remainder when x is divided by 13?
12
Let k = -10 + 18. Suppose 4*g + 5*v = v - 4, -5*v = -4*g + 32. Suppose -3*u = -5*d + 3*d + 1, -4*d = -g*u - 11. Calculate the remainder when k is divided by d.
3
Let b be (-2 - -2*1) + 4. Let v = -3 + b. What is the remainder when 15 is divided by 12/((-3)/v)*-2?
7
Let b be (-156)/(-5) + (-6)/30. Let l = -15 + b. Calculate the remainder when 62 is divided by l.
14
What is the remainder when 18/8*(-336)/(-18) is divided by 11?
9
Let a(g) be the first derivative of -g**2/2 + 3*g + 3. Let j be a(-4). Suppose j*t - 2*t = 45. What is the remainder when 16 is divided by t?
7
Suppose -3*f = -4*z - 6*f + 25, -2*f = 2. What is the remainder when z is divided by 5?
2
Let g(f) = -f**2 + 13*f - 2. Calculate the remainder when 133 is divided by g(4).
31
Suppose 2*j + 3*t = 6*t + 28, -4*j + 4*t + 60 = 0. Suppose -32 = -f - 5*u + 25, 0 = f + 2*u - 42. What is the remainder when f is divided by j?
15
Calculate the remainder when (2 - 5)/((-3)/22) is divided by 1 - 1*(0 - 4).
2
Let n(u) = u**2 + 6*u + 7. Let h = -10 - -5. Calculate the remainder when 5 is divided by n(h).
1
Suppose 2*s + 34 - 102 = 0. What is the remainder when s is divided by 12?
10
Let z(a) = 6*a**2 - 9*a + 14. What is the remainder when z(3) is divided by 9?
5
Let s = 18 - 12. What is the remainder when 7 is divided by s?
1
Let d(n) = -4*n**2 - 2*n - n**3 + 0*n - 10 - 8*n**2 + n. Let u be d(-12). Suppose m = u + 28. What is the remainder when m is divided by 8?
6
Let a(j) = -2*j - 7. Let k be a(-6). Let m(u) = 9*u + 1. Calculate the remainder when m(k) is divided by 12.
10
Let b(v) = -v**3 - 9*v**2 - 18*v - 14. What is the remainder when b(-7) is divided by 6?
2
Let h = 6 + 3. Suppose 0 = h*o - 5*o - 84. What is the remainder when o is divided by 11?
10
Suppose -5*a = 4*x - 6*x, 5*x - 62 = -3*a. What is the remainder when 38 is divided by x?
8
Let w(d) = -2*d + 58. Calculate the remainder when 174 is divided by w(7).
42
Let c be (8/5)/((-6)/(-15)). Suppose -2*g - 3*m = -35, -g - c*m - 6 = -31. Calculate the remainder when g is divided by 4.
1
Let s = 107 - 94. What is the remainder when 35 - 0/(0 + 2) is divided by s?
9
Let p(c) = -c - 1. What is the remainder when 64/(-24)*33/(-4) is divided by p(-7)?
4
Let q = -17 + 30. What is the remainder when 50 is divided by q?
11
Let z be (2 - 4)*(-50)/4. Suppose -4*l + 100 = 2*g, 0*g = -l - g + z. What is the remainder when l is divided by 14?
11
Suppose 0*d + 2*d + 4 = -3*q, 0 = 4*d - 3*q + 26. Let v = 6 + d. What is the remainder when v is divided by 1?
0
Suppose -3 = -o + 33. Let k(x) = 2*x - 2. Let u be k(3). Suppose -4*i - u = -o. Calculate the remainder when 22 is divided by i.
6
Let h = -214 - -318. Calculate the remainder when h/6 - 6/(-9) is divided by 10.
8
Suppose -2*k = -6*k + 24. Calculate the remainder when 10 is divided by k.
4
Suppose -10 = 5*a, -4*a - 41 = -s - 0*a. Calculate the remainder when s is divided by 7.
5
Suppose h = -g + 17, -g + 42 = g + 4*h. What is the remainder when 40 + (4/8)/((-1)/8) is divided by g?
10
Suppose a - 1 = 1. Let h = 4 - a. Let x = 6 + -4. What is the remainder when x is divided by h?
0
Let t(c) = -4*c**2 + 2*c - 3. Let g(w) = -13*w**2 + 5*w - 10. Let b(y) = 2*g(y) - 7*t(y). Calculate the remainder when b(3) is divided by (-65)/(-15) - 1/3.
3
Calculate the remainder when 43 is divided by (4/(-6))/(-2)*27.
7
Suppose -5*j = 2*n + 7 + 4, 0 = 2*j + 10. What is the remainder when 3 - n*(2 - 3) is divided by 4?
2
Let s = -3 - -23. Calculate the remainder when s is divided by 6.
2
Let o(v) = v**3 + 4*v**2 - 4*v + 7. Let w be o(-5). Suppose w*z - 12 = -3*l, 0*z + 3*z + 2*l = 18. Calculate the remainder when 17 is divided by z.
5
Let u = 6 + -11. Let x(p) = p + 7. Let d(a) = a**3 - a**2 - a - 1. Calculate the remainder when x(u) is divided by d(2).
0
What is the remainder when (-12)/48 + (-473)/(-4) is divided by 20?
18
What is the remainder when 98 is divided by (0 + (-5)/2)*-10?
23
Let m(x) = 10*x - 1. What is the remainder when m(3) is divided by 11?
7
Suppose 5*j + 0*n = -2*n - 2, 4*n = -2*j + 12. Suppose -r + 5 = 3*g - 3, g = -3*r + 24. Calculate the remainder when r is divided by 9 + -2 + j + 0.
3
Suppose 5 - 10 = l. Let p = l + 52. Calculate the remainder when p is divided by 12.
11
Let q(t) = 6 + 3*t - 3 - 1. Let b = -40 - -44. What is the remainder when q(4) is divided by b?
2
Let y = 7 + 5. Calculate the remainder when 23 is divided by y.
11
Suppose o = 5*o - 20. Suppose 2*u - 48 = k, u - o*k = -4 + 37. What is the remainder when u is divided by 13?
10
Suppose 376 = 3*x - 2*v + 132, 4*x - 2*v - 326 = 0. Suppose -x + 10 = -4*r. Calculate the remainder when 52 is divided by r.
16
Suppose -2*f + 78 = 24. Suppose -2*s = 2*w - 220, -2*w = -6*w - 3*s + 437. Calculate the remainder when w is divided by f.
26
Suppose 44 = 4*r - 4*q, -2*r - r + 36 = -2*q. What is the remainder when ((-123)/2)/3*-2 is divided by r?
13
Let r(t) = -2*t**2 + 5*t**2 - 2*t**2 + 8*t + 3. Let c be r(-8). Suppose -g = -5*u - 31 + c, 5*g = -3*u + 56. What is the remainder when g is divided by 5?
3
Suppose -19 = -4*n + 9. Let b be 167/5 + (-2)/5. Suppose 4*o - b - 19 = 0. Calculate the remainder when o is divided by n.
6
Suppose 5*x - 6 = 2*x. What is the remainder when ((-36)/(-14))/(-3)*-7 is divided by x?
0
Let z(y) = -4*y - 5. What is the remainder when 29 is divided by z(-5)?
14
Let l = 45 + -14. Let r = l + 16. Suppose -3*n - 19 = -67. Calculate the remainder when r is divided by n.
15
Let y(b) = -b**3 - 11*b**2 - 24*b + 4. What is the remainder when 26 is divided by y(-8)?
2
What is the remainder when 53 is divided by (-3 - (-2 + -1)) + 14?
11
Let t be (-2)/9 + (-330)/(-27). Suppose -15 = -4*z + 41. Calculate the remainder when z is divided by 62/8 + 3/t.
6
Let k(z) = -z**3 - 2*z**2 + 2*z. Let i(f) = 4*f**3 + 6*f**2 - 6*f. Let v(b) = 2*i(b) + 7*k(b). What is the remainder when v(3) is divided by 6?
3
Suppose -4*l = 12, -2*u - 8 = -l + 3*l. Calculate the remainder when (7/(-2) - 0)*-4 is divided by 1 - u - -1*6.
6
Let n(c) = -9*c**3 + 2*c**2 - 4*c + 2. Let w be n(2). Let a = w + 121. Let p = 23 - 10. Calculate the remainder when a is divided by p.
12
Let h(r) = -6*r 